{"id":21,"date":"2025-05-27T08:50:41","date_gmt":"2025-05-27T08:50:41","guid":{"rendered":"https:\/\/www.emalera.eu\/?page_id=21"},"modified":"2025-05-27T08:57:19","modified_gmt":"2025-05-27T08:57:19","slug":"vrh-a","status":"publish","type":"page","link":"https:\/\/www.emalera.eu\/?page_id=21","title":{"rendered":"Vrh A"},"content":{"rendered":"\n<figure class=\"wp-block-image size-large\"><img loading=\"lazy\" decoding=\"async\" width=\"1024\" height=\"679\" src=\"https:\/\/www.emalera.eu\/wp-content\/uploads\/2025\/05\/Obrazok1-1024x679.jpg\" alt=\"\" class=\"wp-image-23\" srcset=\"https:\/\/www.emalera.eu\/wp-content\/uploads\/2025\/05\/Obrazok1-1024x679.jpg 1024w, https:\/\/www.emalera.eu\/wp-content\/uploads\/2025\/05\/Obrazok1-300x199.jpg 300w, https:\/\/www.emalera.eu\/wp-content\/uploads\/2025\/05\/Obrazok1-768x509.jpg 768w, https:\/\/www.emalera.eu\/wp-content\/uploads\/2025\/05\/Obrazok1-1536x1018.jpg 1536w, https:\/\/www.emalera.eu\/wp-content\/uploads\/2025\/05\/Obrazok1.jpg 2008w\" sizes=\"auto, (max-width: 1024px) 100vw, 1024px\" \/><\/figure>\n\n\n\n<p>20.3.2016 sa narodili 2 ps\u00edci a 2 fenky<br><br>MATKA<\/p>\n\n\n\n<p><a href=\"http:\/\/www.emalera.eu\/fabi.html\"><strong>Fussy Fabiola Drapichrus<\/strong><\/a><a href=\"http:\/\/www.emalera.eu\/fabi.html\"><strong>t<\/strong><\/a><\/p>\n\n\n\n<p>JCH SK, CH SK , PLL, SCA, LOA-clear, PL 0\/0, DOV neg.<\/p>\n\n\n\n<figure class=\"wp-block-image size-large\"><img loading=\"lazy\" decoding=\"async\" width=\"1024\" height=\"681\" src=\"https:\/\/www.emalera.eu\/wp-content\/uploads\/2025\/05\/Obrazok2-1024x681.jpg\" alt=\"\" class=\"wp-image-25\" srcset=\"https:\/\/www.emalera.eu\/wp-content\/uploads\/2025\/05\/Obrazok2-1024x681.jpg 1024w, https:\/\/www.emalera.eu\/wp-content\/uploads\/2025\/05\/Obrazok2-300x200.jpg 300w, https:\/\/www.emalera.eu\/wp-content\/uploads\/2025\/05\/Obrazok2-768x511.jpg 768w, https:\/\/www.emalera.eu\/wp-content\/uploads\/2025\/05\/Obrazok2.jpg 1306w\" sizes=\"auto, (max-width: 1024px) 100vw, 1024px\" \/><\/figure>\n\n\n\n<p><a href=\"http:\/\/www.pedigreedatabase.com\/jack_russell_terrier\/dog.html?id=2364165-flash-jack-bohemian-touch\">OTEC<\/a><\/p>\n\n\n\n<p><a href=\"http:\/\/www.pedigreedatabase.com\/jack_russell_terrier\/dog.html?id=2364165-flash-jack-bohemian-touch\"><strong>Flash Jack Bohemian Touch<\/strong><\/a><\/p>\n\n\n\n<p>JCH CZ, Club JCH CZ, Eur\u00f3psky v\u00ed\u0165az mlad\u00fdch, PLL, SCA, LOA-clear, PL 0\/0, DKK A\/A, DOV neg.<\/p>\n\n\n\n<figure class=\"wp-block-image size-full\"><img loading=\"lazy\" decoding=\"async\" width=\"406\" height=\"306\" src=\"https:\/\/www.emalera.eu\/wp-content\/uploads\/2025\/05\/Obrazok3.jpg\" alt=\"\" class=\"wp-image-26\" srcset=\"https:\/\/www.emalera.eu\/wp-content\/uploads\/2025\/05\/Obrazok3.jpg 406w, https:\/\/www.emalera.eu\/wp-content\/uploads\/2025\/05\/Obrazok3-300x226.jpg 300w\" sizes=\"auto, (max-width: 406px) 100vw, 406px\" \/><\/figure>\n\n\n\n<p>v\u0161etky fotky z VRHU A n\u00e1jdete na:&nbsp;<a href=\"http:\/\/zavodzza.rajce.idnes.cz\/VRH_A_Emalera\/\"><strong>zavodzza.rajce.idnes.cz<\/strong><\/a><\/p>\n\n\n\n<p><strong>Cel\u00fd rodokme\u0148 \u0161teniatok&nbsp;<\/strong><a href=\"http:\/\/www.pedigreedatabase.com\/jack_russell_terrier\/breeding.result?father=2364165&amp;mother=1208531\"><strong>TU<\/strong><\/a><\/p>\n\n\n\n<figure class=\"wp-block-image size-full\"><img loading=\"lazy\" decoding=\"async\" width=\"642\" height=\"479\" src=\"https:\/\/www.emalera.eu\/wp-content\/uploads\/2025\/05\/Obrazok4.png\" alt=\"\" class=\"wp-image-27\" srcset=\"https:\/\/www.emalera.eu\/wp-content\/uploads\/2025\/05\/Obrazok4.png 642w, https:\/\/www.emalera.eu\/wp-content\/uploads\/2025\/05\/Obrazok4-300x224.png 300w\" sizes=\"auto, (max-width: 642px) 100vw, 642px\" \/><\/figure>\n\n\n\n<p><strong><u>FENKY<\/u><\/strong><\/p>\n\n\n\n<p><strong>Aurora Austarlis Emalera<\/strong>&nbsp; &#8211;&nbsp;fotoalbum&nbsp;&nbsp;<a href=\"http:\/\/zavodzza.rajce.idnes.cz\/Aurora_Australis_Emalera\/\">TU<\/a>&nbsp;&#8211; \u010cesko, Uhersk\u00e9 Hradi\u0161te<\/p>\n\n\n\n<figure class=\"wp-block-image size-large\"><img loading=\"lazy\" decoding=\"async\" width=\"1024\" height=\"760\" src=\"https:\/\/www.emalera.eu\/wp-content\/uploads\/2025\/05\/Obrazok5-1024x760.jpg\" alt=\"\" class=\"wp-image-28\" srcset=\"https:\/\/www.emalera.eu\/wp-content\/uploads\/2025\/05\/Obrazok5-1024x760.jpg 1024w, https:\/\/www.emalera.eu\/wp-content\/uploads\/2025\/05\/Obrazok5-300x223.jpg 300w, https:\/\/www.emalera.eu\/wp-content\/uploads\/2025\/05\/Obrazok5-768x570.jpg 768w, https:\/\/www.emalera.eu\/wp-content\/uploads\/2025\/05\/Obrazok5.jpg 1406w\" sizes=\"auto, (max-width: 1024px) 100vw, 1024px\" \/><\/figure>\n\n\n\n<p><strong>Ambra Aurea Emalera<\/strong>&nbsp;&#8211; fotoalbum&nbsp;&nbsp;<a href=\"http:\/\/zavodzza.rajce.idnes.cz\/Ambra_Aurea_Emalera\/\">TU<\/a>&nbsp;&#8211; Nemecko,&nbsp;Harsefeld<\/p>\n\n\n\n<figure class=\"wp-block-image size-large\"><img loading=\"lazy\" decoding=\"async\" width=\"1024\" height=\"720\" src=\"https:\/\/www.emalera.eu\/wp-content\/uploads\/2025\/05\/Obrazok6-1024x720.jpg\" alt=\"\" class=\"wp-image-29\" srcset=\"https:\/\/www.emalera.eu\/wp-content\/uploads\/2025\/05\/Obrazok6-1024x720.jpg 1024w, https:\/\/www.emalera.eu\/wp-content\/uploads\/2025\/05\/Obrazok6-300x211.jpg 300w, https:\/\/www.emalera.eu\/wp-content\/uploads\/2025\/05\/Obrazok6-768x540.jpg 768w, https:\/\/www.emalera.eu\/wp-content\/uploads\/2025\/05\/Obrazok6.jpg 1369w\" sizes=\"auto, (max-width: 1024px) 100vw, 1024px\" \/><\/figure>\n\n\n\n<p><strong><u>ps\u00edci<\/u><\/strong><\/p>\n\n\n\n<p><strong>Amazing Arthur Emalera<\/strong>&nbsp;&#8211; fotoalbum&nbsp;<a href=\"http:\/\/zavodzza.rajce.idnes.cz\/Amazing_Arthur_Emalera\/\">TU<\/a>&nbsp;&#8211; Slovensko, Zvolensk\u00e1 Slatina<\/p>\n\n\n\n<figure class=\"wp-block-image size-full\"><img loading=\"lazy\" decoding=\"async\" width=\"449\" height=\"268\" src=\"https:\/\/www.emalera.eu\/wp-content\/uploads\/2025\/05\/Obrazok7.jpg\" alt=\"\" class=\"wp-image-30\" srcset=\"https:\/\/www.emalera.eu\/wp-content\/uploads\/2025\/05\/Obrazok7.jpg 449w, https:\/\/www.emalera.eu\/wp-content\/uploads\/2025\/05\/Obrazok7-300x179.jpg 300w\" sizes=\"auto, (max-width: 449px) 100vw, 449px\" \/><\/figure>\n\n\n\n<p><strong>Amicus Aurelius Emalera<\/strong>&nbsp;&#8211; fotoalbum&nbsp;&nbsp;<a href=\"http:\/\/zavodzza.rajce.idnes.cz\/Amicus_Aurelius_Emalera\/\">TU<\/a>&nbsp;&#8211; Slovensko, Bratislava<\/p>\n\n\n\n<figure class=\"wp-block-image size-full\"><img loading=\"lazy\" decoding=\"async\" width=\"600\" height=\"383\" src=\"https:\/\/www.emalera.eu\/wp-content\/uploads\/2025\/05\/Obrazok8.jpg\" alt=\"\" class=\"wp-image-31\" srcset=\"https:\/\/www.emalera.eu\/wp-content\/uploads\/2025\/05\/Obrazok8.jpg 600w, https:\/\/www.emalera.eu\/wp-content\/uploads\/2025\/05\/Obrazok8-300x192.jpg 300w\" sizes=\"auto, (max-width: 600px) 100vw, 600px\" \/><\/figure>\n","protected":false},"excerpt":{"rendered":"<p>20.3.2016 sa narodili 2 ps\u00edci a 2 fenky MATKA Fussy Fabiola Drapichrust JCH SK, CH SK , PLL, SCA, LOA-clear, PL 0\/0, DOV neg. OTEC Flash Jack Bohemian Touch JCH CZ, Club JCH CZ, Eur\u00f3psky v\u00ed\u0165az mlad\u00fdch, PLL, SCA, LOA-clear, PL 0\/0, DKK A\/A, DOV neg. v\u0161etky fotky z VRHU A n\u00e1jdete na:&nbsp;zavodzza.rajce.idnes.cz Cel\u00fd rodokme\u0148 &hellip; <a href=\"https:\/\/www.emalera.eu\/?page_id=21\" class=\"more-link\">Pokra\u010dov\u00e1n\u00ed textu <span class=\"screen-reader-text\">Vrh A<\/span><\/a><\/p>\n","protected":false},"author":1,"featured_media":0,"parent":0,"menu_order":0,"comment_status":"closed","ping_status":"closed","template":"","meta":{"footnotes":""},"class_list":["post-21","page","type-page","status-publish","hentry"],"_links":{"self":[{"href":"https:\/\/www.emalera.eu\/index.php?rest_route=\/wp\/v2\/pages\/21","targetHints":{"allow":["GET"]}}],"collection":[{"href":"https:\/\/www.emalera.eu\/index.php?rest_route=\/wp\/v2\/pages"}],"about":[{"href":"https:\/\/www.emalera.eu\/index.php?rest_route=\/wp\/v2\/types\/page"}],"author":[{"embeddable":true,"href":"https:\/\/www.emalera.eu\/index.php?rest_route=\/wp\/v2\/users\/1"}],"replies":[{"embeddable":true,"href":"https:\/\/www.emalera.eu\/index.php?rest_route=%2Fwp%2Fv2%2Fcomments&post=21"}],"version-history":[{"count":4,"href":"https:\/\/www.emalera.eu\/index.php?rest_route=\/wp\/v2\/pages\/21\/revisions"}],"predecessor-version":[{"id":34,"href":"https:\/\/www.emalera.eu\/index.php?rest_route=\/wp\/v2\/pages\/21\/revisions\/34"}],"wp:attachment":[{"href":"https:\/\/www.emalera.eu\/index.php?rest_route=%2Fwp%2Fv2%2Fmedia&parent=21"}],"curies":[{"name":"wp","href":"https:\/\/api.w.org\/{rel}","templated":true}]}}