{"id":260,"date":"2025-05-27T10:45:47","date_gmt":"2025-05-27T10:45:47","guid":{"rendered":"https:\/\/www.emalera.eu\/?page_id=260"},"modified":"2025-12-26T09:36:38","modified_gmt":"2025-12-26T09:36:38","slug":"fussy-fabiola-drapichrust","status":"publish","type":"page","link":"https:\/\/www.emalera.eu\/?page_id=260","title":{"rendered":"FUSSY FABIOLA DRAPICHRUST"},"content":{"rendered":"\n<figure class=\"wp-block-image size-large\"><img loading=\"lazy\" decoding=\"async\" width=\"1024\" height=\"686\" src=\"https:\/\/www.emalera.eu\/wp-content\/uploads\/2025\/05\/Obrazok1-21-1024x686.jpg\" alt=\"\" class=\"wp-image-291\" srcset=\"https:\/\/www.emalera.eu\/wp-content\/uploads\/2025\/05\/Obrazok1-21-1024x686.jpg 1024w, https:\/\/www.emalera.eu\/wp-content\/uploads\/2025\/05\/Obrazok1-21-300x201.jpg 300w, https:\/\/www.emalera.eu\/wp-content\/uploads\/2025\/05\/Obrazok1-21-768x514.jpg 768w, https:\/\/www.emalera.eu\/wp-content\/uploads\/2025\/05\/Obrazok1-21-1536x1029.jpg 1536w, https:\/\/www.emalera.eu\/wp-content\/uploads\/2025\/05\/Obrazok1-21.jpg 2008w\" sizes=\"auto, (max-width: 1024px) 100vw, 1024px\" \/><\/figure>\n\n\n\n<p>Cel\u00fd rodokme\u0148 na <a href=\"https:\/\/www.pedigreedatabase.com\/jack_russell_terrier\/dog.html?id=1208531-fussy-fabiola-drapichrust?_v=20160413054802\">https:\/\/www.pedigreedatabase.com\/jack_russell_terrier\/dog.html?id=1208531-fussy-fabiola-drapichrust?_v=20160413054802<\/a><\/p>\n\n\n\n<figure class=\"wp-block-image size-large\"><img loading=\"lazy\" decoding=\"async\" width=\"1024\" height=\"629\" src=\"https:\/\/www.emalera.eu\/wp-content\/uploads\/2025\/05\/Snimka-obrazovky-2025-05-27-125451-1024x629.png\" alt=\"\" class=\"wp-image-290\" srcset=\"https:\/\/www.emalera.eu\/wp-content\/uploads\/2025\/05\/Snimka-obrazovky-2025-05-27-125451-1024x629.png 1024w, https:\/\/www.emalera.eu\/wp-content\/uploads\/2025\/05\/Snimka-obrazovky-2025-05-27-125451-300x184.png 300w, https:\/\/www.emalera.eu\/wp-content\/uploads\/2025\/05\/Snimka-obrazovky-2025-05-27-125451-768x472.png 768w, https:\/\/www.emalera.eu\/wp-content\/uploads\/2025\/05\/Snimka-obrazovky-2025-05-27-125451.png 1189w\" sizes=\"auto, (max-width: 1024px) 100vw, 1024px\" \/><\/figure>\n\n\n\n<p><strong>&nbsp;Chovate\u013e &#8211;<\/strong>&nbsp;K.Kami\u0144ska, Var\u0161ava<\/p>\n\n\n\n<p><strong>Naroden\u00e1 &#8211;<\/strong>&nbsp;6.2.2010 vo Var\u0161ave<br><strong>SPKP &#8211;<\/strong>&nbsp;318<br><strong>Tetovanie &#8211;<\/strong>&nbsp;A353<br><strong>Farba &#8211;<\/strong>&nbsp;bielohned\u00e1<br><strong>Druh srsti &#8211;<\/strong>&nbsp;hrub\u00e1<br><strong>V\u00fd\u0161ka &#8211;<\/strong>&nbsp;28 cm<br><strong>V\u00e1ha &#8211;<\/strong>&nbsp;7,5 kg<\/p>\n\n\n\n<p>CHOVN\u00c1 FENKA<\/p>\n\n\n\n<p><strong><u>Vy\u0161etrenia:<\/u><\/strong><\/p>\n\n\n\n<p><strong>Lux\u00e1cia pately &#8211;<\/strong>&nbsp;0\/0 MVDr. Kad\u011bra Jakub<br><strong>DOV<\/strong>&nbsp;&#8211; negativ MVDr. \u0160imek Juraj<br><strong>PLL<\/strong>&nbsp;&nbsp;&nbsp; N\/N (Laboklin)<br><strong>LOA<\/strong>&nbsp;&nbsp;&nbsp; N\/N (Laboklin)<br><strong>SCA<\/strong>&nbsp; &nbsp;N\/N (Laboklin)<br><strong>Potvrdenie chovnosti<\/strong>&nbsp;&#8211; chovn\u00e1, v\u00fdborn\u00e1<\/p>\n\n\n\n<p><strong><u>V\u00ddSTAVY:<\/u><\/strong><\/p>\n\n\n\n<figure class=\"wp-block-table\"><table class=\"has-fixed-layout\"><tbody><tr><td><strong>D\u00c1TUM<\/strong><\/td><td><strong>V\u00ddSTAVA<\/strong><\/td><td><strong>TRIEDA<\/strong><\/td><td><strong>OCENENIE<\/strong><\/td><\/tr><tr><td>19.11.2010<\/td><td>NITRA &#8211; klubov\u00e1 SKCHTaF<\/td><td>mlad\u00fdch<\/td><td>V2<\/td><\/tr><tr><td>20.11.2010<\/td><td>NITRA &#8211; medzin\u00e1rodn\u00e1<\/td><td>mlad\u00fdch<\/td><td>V1, CAJC<\/td><\/tr><tr><td>18.02.2011<\/td><td>KO\u0160ICE &#8211; medzin\u00e1rodn\u00e1<\/td><td>mlad\u00fdch<\/td><td>V1, CAJC,&nbsp;<strong>JUNIOR&nbsp;EAST&nbsp;WINNER 2011<\/strong><\/td><\/tr><tr><td>18.03.2011<\/td><td>VINI\u010cN\u00c9 &#8211; klubov\u00e1 SKCHTaF<\/td><td>mlad\u00fdch<\/td><td>V3<\/td><\/tr><tr><td>19.03.2011<\/td><td>NITRA &#8211; n\u00e1rodn\u00e1<\/td><td>mlad\u00fdch<\/td><td>V3<\/td><\/tr><tr><td>01.05.2011<\/td><td>B.BYSTRICA &#8211; celo\u0161t\u00e1tn\u00e1<\/td><td>mlad\u00fdch<\/td><td>V1, CAJC,<strong>&nbsp;JUNIORCHAMPION&nbsp; SLOVENSKA<\/strong><\/td><\/tr><tr><td>05.06.2011<\/td><td>NITRA &#8211; medzin\u00e1rodn\u00e1<\/td><td>medzitrieda<\/td><td>V1, CAC, res. CACIB<\/td><\/tr><tr><td>23.07.2011<\/td><td>VE\u013dK\u00c1 IDA &#8211; medzin\u00e1rodn\u00e1<\/td><td>medzitrieda<\/td><td>V1, CAC, res. CACIB<\/td><\/tr><tr><td>24.07.2011<\/td><td>KO\u0160ICE &#8211; \u0161peci\u00e1lna<\/td><td>medzitrieda<\/td><td>V1<\/td><\/tr><tr><td>20.08.2011<\/td><td>2. klubov\u00e1 JRT a PRT KONOPI\u0160T\u011a<\/td><td>medzitrieda<\/td><td>V2, res. CAC<\/td><\/tr><tr><td>19.11.2011<\/td><td>NITRA &#8211; medzin\u00e1rodn\u00e1<\/td><td>medzitrieda<\/td><td>V1, CAC, CACIB<\/td><\/tr><tr><td>03.12.2011<\/td><td>WELS &#8211; medzin\u00e1rodn\u00e1<\/td><td>medzitrieda<\/td><td>V1, CACA<\/td><\/tr><tr><td>04.12.2011<\/td><td>WELS &#8211; medzin\u00e1rodn\u00e1<\/td><td>medzitrieda<\/td><td>V1, CACA, CACIB, BOB<\/td><\/tr><tr><td>29.01.2012<\/td><td>TREN\u010c\u00cdN &#8211; medzin\u00e1rodn\u00e1<\/td><td>otvoren\u00e1<\/td><td>V1, CACA, CACIB, BOB<\/td><\/tr><tr><td colspan=\"4\"><strong>\u0160AMPION&nbsp; SLOVENSKA<\/strong><\/td><\/tr><\/tbody><\/table><\/figure>\n","protected":false},"excerpt":{"rendered":"<p>Cel\u00fd rodokme\u0148 na https:\/\/www.pedigreedatabase.com\/jack_russell_terrier\/dog.html?id=1208531-fussy-fabiola-drapichrust?_v=20160413054802 &nbsp;Chovate\u013e &#8211;&nbsp;K.Kami\u0144ska, Var\u0161ava Naroden\u00e1 &#8211;&nbsp;6.2.2010 vo Var\u0161aveSPKP &#8211;&nbsp;318Tetovanie &#8211;&nbsp;A353Farba &#8211;&nbsp;bielohned\u00e1Druh srsti &#8211;&nbsp;hrub\u00e1V\u00fd\u0161ka &#8211;&nbsp;28 cmV\u00e1ha &#8211;&nbsp;7,5 kg CHOVN\u00c1 FENKA Vy\u0161etrenia: Lux\u00e1cia pately &#8211;&nbsp;0\/0 MVDr. Kad\u011bra JakubDOV&nbsp;&#8211; negativ MVDr. \u0160imek JurajPLL&nbsp;&nbsp;&nbsp; N\/N (Laboklin)LOA&nbsp;&nbsp;&nbsp; N\/N (Laboklin)SCA&nbsp; &nbsp;N\/N (Laboklin)Potvrdenie chovnosti&nbsp;&#8211; chovn\u00e1, v\u00fdborn\u00e1 V\u00ddSTAVY: D\u00c1TUM V\u00ddSTAVA TRIEDA OCENENIE 19.11.2010 NITRA &#8211; klubov\u00e1 SKCHTaF mlad\u00fdch V2 20.11.2010 &hellip; <a href=\"https:\/\/www.emalera.eu\/?page_id=260\" class=\"more-link\">Pokra\u010dov\u00e1n\u00ed textu <span class=\"screen-reader-text\">FUSSY FABIOLA DRAPICHRUST<\/span><\/a><\/p>\n","protected":false},"author":1,"featured_media":0,"parent":0,"menu_order":0,"comment_status":"closed","ping_status":"closed","template":"","meta":{"footnotes":""},"class_list":["post-260","page","type-page","status-publish","hentry"],"_links":{"self":[{"href":"https:\/\/www.emalera.eu\/index.php?rest_route=\/wp\/v2\/pages\/260","targetHints":{"allow":["GET"]}}],"collection":[{"href":"https:\/\/www.emalera.eu\/index.php?rest_route=\/wp\/v2\/pages"}],"about":[{"href":"https:\/\/www.emalera.eu\/index.php?rest_route=\/wp\/v2\/types\/page"}],"author":[{"embeddable":true,"href":"https:\/\/www.emalera.eu\/index.php?rest_route=\/wp\/v2\/users\/1"}],"replies":[{"embeddable":true,"href":"https:\/\/www.emalera.eu\/index.php?rest_route=%2Fwp%2Fv2%2Fcomments&post=260"}],"version-history":[{"count":3,"href":"https:\/\/www.emalera.eu\/index.php?rest_route=\/wp\/v2\/pages\/260\/revisions"}],"predecessor-version":[{"id":759,"href":"https:\/\/www.emalera.eu\/index.php?rest_route=\/wp\/v2\/pages\/260\/revisions\/759"}],"wp:attachment":[{"href":"https:\/\/www.emalera.eu\/index.php?rest_route=%2Fwp%2Fv2%2Fmedia&parent=260"}],"curies":[{"name":"wp","href":"https:\/\/api.w.org\/{rel}","templated":true}]}}