{"id":264,"date":"2025-05-27T10:46:13","date_gmt":"2025-05-27T10:46:13","guid":{"rendered":"https:\/\/www.emalera.eu\/?page_id=264"},"modified":"2025-05-27T10:50:08","modified_gmt":"2025-05-27T10:50:08","slug":"chiara-charity-emalera","status":"publish","type":"page","link":"https:\/\/www.emalera.eu\/?page_id=264","title":{"rendered":"CHIARA CHARITY EMALERA"},"content":{"rendered":"\n<figure class=\"wp-block-image size-full\"><img loading=\"lazy\" decoding=\"async\" width=\"600\" height=\"481\" src=\"https:\/\/www.emalera.eu\/wp-content\/uploads\/2025\/05\/Obrazok1-19.jpg\" alt=\"\" class=\"wp-image-278\" srcset=\"https:\/\/www.emalera.eu\/wp-content\/uploads\/2025\/05\/Obrazok1-19.jpg 600w, https:\/\/www.emalera.eu\/wp-content\/uploads\/2025\/05\/Obrazok1-19-300x241.jpg 300w\" sizes=\"auto, (max-width: 600px) 100vw, 600px\" \/><\/figure>\n\n\n\n<p>v\u0161etky fotky na<a href=\"https:\/\/zavodzza.rajce.idnes.cz\/Chiara_Charity_Emalera\/\"> htps:\/\/zavodzza.rajce.idnes.cz\/Chiara_Charity_Emalera\/<\/a><\/p>\n\n\n\n<p><strong>CEL\u00dd RODOKME\u0147 &gt;&nbsp;<\/strong><a href=\"http:\/\/ingrus.net\/russell\/details\/23442\">http:\/\/ingrus.net\/russell\/details\/23442<\/a><\/p>\n\n\n\n<figure class=\"wp-block-image size-full\"><img loading=\"lazy\" decoding=\"async\" width=\"643\" height=\"286\" src=\"https:\/\/www.emalera.eu\/wp-content\/uploads\/2025\/05\/Obrazok3-16.jpg\" alt=\"\" class=\"wp-image-280\" srcset=\"https:\/\/www.emalera.eu\/wp-content\/uploads\/2025\/05\/Obrazok3-16.jpg 643w, https:\/\/www.emalera.eu\/wp-content\/uploads\/2025\/05\/Obrazok3-16-300x133.jpg 300w\" sizes=\"auto, (max-width: 643px) 100vw, 643px\" \/><\/figure>\n\n\n\n<p><strong>&nbsp;Chovate\u013e &#8211;<\/strong>&nbsp;Z.Z\u00e1vodn\u00e1, Slovensk\u00e1 republika<\/p>\n\n\n\n<p><strong>Naroden\u00e1 &#8211;<\/strong>&nbsp;20.5.2019 v Skalici<\/p>\n\n\n\n<p>\u2020&nbsp;&#8211; 19.8.2020 autonehoda&nbsp;&nbsp;\u2665&nbsp;&nbsp;&nbsp;&nbsp;&nbsp;&nbsp;<\/p>\n\n\n\n<p><br><strong>Farba &#8211;<\/strong>&nbsp;biela a hned\u00e1<br><strong>Druh srsti &#8211;<\/strong>&nbsp;brooken<br><strong>Zuby &#8211;<\/strong>&nbsp;&nbsp; plnochrup\u00e1, no\u017enicov\u00fd skus<br><strong>V\u00fd\u0161ka &#8211;<\/strong>&nbsp;&nbsp; 27 cm<br><strong>V\u00e1ha &#8211;<\/strong>&nbsp;&nbsp; 6,5 kg<\/p>\n\n\n\n<p>CHOVN\u00c1 FENA<br>&nbsp;<\/p>\n\n\n\n<p><strong><u>Vy\u0161etrenia:<br><\/u><\/strong><br><strong>PLL, SCA, LOA, JBD &#8211;&nbsp;<\/strong>N\/N (Laboklin)<br><strong>DOV &#8211;&nbsp;<\/strong>neg 25.7.2020&nbsp;MVDr. M\u00edkov\u00e1 Lucie&nbsp;&nbsp;<br><strong>Potvrdenie chovnosti<\/strong>&nbsp;&#8211; chovn\u00e1, v\u00fdborn\u00e1&nbsp;<br>&nbsp;<\/p>\n\n\n\n<p><strong><u>Tituly:<\/u>&nbsp; V\u00ed\u0165az triedy mlad\u00fdch 2020<\/strong><\/p>\n\n\n\n<p><strong><u>V\u00ddSTAVY:<\/u><\/strong><\/p>\n\n\n\n<figure class=\"wp-block-table\"><table class=\"has-fixed-layout\"><tbody><tr><td><strong>D\u00c1TUM<\/strong><\/td><td><strong>V\u00ddSTAVA<\/strong><\/td><td><strong>TRIEDA<\/strong><\/td><td><strong>OCENENIE<\/strong><\/td><\/tr><tr><td>10.3.2018<\/td><td>\u0160peci\u00e1lna v\u00fdstava terierov Nitra<\/td><td>mlad\u00fdch<\/td><td>V1, VTM<\/td><\/tr><tr><td>12.7.2020<\/td><td>Klubov\u00e1 v\u00fdstava terierov Ko\u0161ice<\/td><td>mlad\u00fdch<\/td><td>V2<\/td><\/tr><tr><td>25.7.2020<\/td><td>\u0160peci\u00e1lna v\u00fdstava JRT a PRT Konopi\u0161t\u011b<\/td><td>mlad\u00fdch<\/td><td>V4<\/td><\/tr><\/tbody><\/table><\/figure>\n\n\n\n<figure class=\"wp-block-image size-full is-resized\"><img loading=\"lazy\" decoding=\"async\" width=\"482\" height=\"331\" src=\"https:\/\/www.emalera.eu\/wp-content\/uploads\/2025\/05\/Obrazok2-15.jpg\" alt=\"\" class=\"wp-image-279\" style=\"width:645px;height:auto\" srcset=\"https:\/\/www.emalera.eu\/wp-content\/uploads\/2025\/05\/Obrazok2-15.jpg 482w, https:\/\/www.emalera.eu\/wp-content\/uploads\/2025\/05\/Obrazok2-15-300x206.jpg 300w\" sizes=\"auto, (max-width: 482px) 100vw, 482px\" \/><\/figure>\n","protected":false},"excerpt":{"rendered":"<p>v\u0161etky fotky na htps:\/\/zavodzza.rajce.idnes.cz\/Chiara_Charity_Emalera\/ CEL\u00dd RODOKME\u0147 &gt;&nbsp;http:\/\/ingrus.net\/russell\/details\/23442 &nbsp;Chovate\u013e &#8211;&nbsp;Z.Z\u00e1vodn\u00e1, Slovensk\u00e1 republika Naroden\u00e1 &#8211;&nbsp;20.5.2019 v Skalici \u2020&nbsp;&#8211; 19.8.2020 autonehoda&nbsp;&nbsp;\u2665&nbsp;&nbsp;&nbsp;&nbsp;&nbsp;&nbsp; Farba &#8211;&nbsp;biela a hned\u00e1Druh srsti &#8211;&nbsp;brookenZuby &#8211;&nbsp;&nbsp; plnochrup\u00e1, no\u017enicov\u00fd skusV\u00fd\u0161ka &#8211;&nbsp;&nbsp; 27 cmV\u00e1ha &#8211;&nbsp;&nbsp; 6,5 kg CHOVN\u00c1 FENA&nbsp; Vy\u0161etrenia:PLL, SCA, LOA, JBD &#8211;&nbsp;N\/N (Laboklin)DOV &#8211;&nbsp;neg 25.7.2020&nbsp;MVDr. M\u00edkov\u00e1 Lucie&nbsp;&nbsp;Potvrdenie chovnosti&nbsp;&#8211; chovn\u00e1, v\u00fdborn\u00e1&nbsp;&nbsp; Tituly:&nbsp; V\u00ed\u0165az triedy mlad\u00fdch 2020 V\u00ddSTAVY: &hellip; <a href=\"https:\/\/www.emalera.eu\/?page_id=264\" class=\"more-link\">Pokra\u010dov\u00e1n\u00ed textu <span class=\"screen-reader-text\">CHIARA CHARITY EMALERA<\/span><\/a><\/p>\n","protected":false},"author":1,"featured_media":0,"parent":0,"menu_order":0,"comment_status":"closed","ping_status":"closed","template":"","meta":{"footnotes":""},"class_list":["post-264","page","type-page","status-publish","hentry"],"_links":{"self":[{"href":"https:\/\/www.emalera.eu\/index.php?rest_route=\/wp\/v2\/pages\/264","targetHints":{"allow":["GET"]}}],"collection":[{"href":"https:\/\/www.emalera.eu\/index.php?rest_route=\/wp\/v2\/pages"}],"about":[{"href":"https:\/\/www.emalera.eu\/index.php?rest_route=\/wp\/v2\/types\/page"}],"author":[{"embeddable":true,"href":"https:\/\/www.emalera.eu\/index.php?rest_route=\/wp\/v2\/users\/1"}],"replies":[{"embeddable":true,"href":"https:\/\/www.emalera.eu\/index.php?rest_route=%2Fwp%2Fv2%2Fcomments&post=264"}],"version-history":[{"count":5,"href":"https:\/\/www.emalera.eu\/index.php?rest_route=\/wp\/v2\/pages\/264\/revisions"}],"predecessor-version":[{"id":284,"href":"https:\/\/www.emalera.eu\/index.php?rest_route=\/wp\/v2\/pages\/264\/revisions\/284"}],"wp:attachment":[{"href":"https:\/\/www.emalera.eu\/index.php?rest_route=%2Fwp%2Fv2%2Fmedia&parent=264"}],"curies":[{"name":"wp","href":"https:\/\/api.w.org\/{rel}","templated":true}]}}