{"id":632,"date":"2025-05-29T08:13:14","date_gmt":"2025-05-29T08:13:14","guid":{"rendered":"https:\/\/www.emalera.eu\/?page_id=632"},"modified":"2025-05-29T09:04:41","modified_gmt":"2025-05-29T09:04:41","slug":"vrh-w","status":"publish","type":"page","link":"https:\/\/www.emalera.eu\/?page_id=632","title":{"rendered":"VRH W"},"content":{"rendered":"\n<figure class=\"wp-block-image size-large\"><img loading=\"lazy\" decoding=\"async\" width=\"1024\" height=\"769\" src=\"https:\/\/www.emalera.eu\/wp-content\/uploads\/2025\/05\/391748873_10226357973988939_143647065754344625_n-1024x769.jpg\" alt=\"\" class=\"wp-image-634\" srcset=\"https:\/\/www.emalera.eu\/wp-content\/uploads\/2025\/05\/391748873_10226357973988939_143647065754344625_n-1024x769.jpg 1024w, https:\/\/www.emalera.eu\/wp-content\/uploads\/2025\/05\/391748873_10226357973988939_143647065754344625_n-300x225.jpg 300w, https:\/\/www.emalera.eu\/wp-content\/uploads\/2025\/05\/391748873_10226357973988939_143647065754344625_n-768x577.jpg 768w, https:\/\/www.emalera.eu\/wp-content\/uploads\/2025\/05\/391748873_10226357973988939_143647065754344625_n-1536x1154.jpg 1536w, https:\/\/www.emalera.eu\/wp-content\/uploads\/2025\/05\/391748873_10226357973988939_143647065754344625_n.jpg 2048w\" sizes=\"auto, (max-width: 1024px) 100vw, 1024px\" \/><\/figure>\n\n\n\n<p>8.10.2023 sa narodili 3 ps\u00edci a 1 fenka<\/p>\n\n\n\n<p>MATKA<\/p>\n\n\n\n<p><a href=\"https:\/\/www.emalera.eu\/?page_id=675\" data-type=\"page\" data-id=\"675\">R<strong>UTA BONNYFART PERLYNA PRYKARPATTYA<\/strong><\/a><\/p>\n\n\n\n<p>OTEC<\/p>\n\n\n\n<p><strong>ZESTY ZIGGI DEVON JACK<\/strong><\/p>\n\n\n\n<p><strong>Cel\u00fd rodokme\u0148 \u0161teniatok&nbsp;<a href=\"https:\/\/www.pedigreedex.com\/pedigree\/simulator-result?sire=1142404&amp;dam=1140633&amp;fbclid=IwY2xjawKk9exleHRuA2FlbQIxMABicmlkETBwV1Y2QzNIRE0wdXlSOGZIAR6MmDsf1bnF4fLY4AmMLEZHkczhA7UvpAPSwpI7aacrQCCVZG4bxdc4OkrUBg_aem_YWr9PcIoI94wbJiZEEpdMA\">TU<\/a><\/strong><\/p>\n\n\n\n<figure class=\"wp-block-image size-large\"><img loading=\"lazy\" decoding=\"async\" width=\"1024\" height=\"595\" src=\"https:\/\/www.emalera.eu\/wp-content\/uploads\/2025\/05\/387803499_10226280086641804_1792597198523210527_n-1024x595.jpg\" alt=\"\" class=\"wp-image-635\" srcset=\"https:\/\/www.emalera.eu\/wp-content\/uploads\/2025\/05\/387803499_10226280086641804_1792597198523210527_n-1024x595.jpg 1024w, https:\/\/www.emalera.eu\/wp-content\/uploads\/2025\/05\/387803499_10226280086641804_1792597198523210527_n-300x174.jpg 300w, https:\/\/www.emalera.eu\/wp-content\/uploads\/2025\/05\/387803499_10226280086641804_1792597198523210527_n-768x447.jpg 768w, https:\/\/www.emalera.eu\/wp-content\/uploads\/2025\/05\/387803499_10226280086641804_1792597198523210527_n.jpg 1405w\" sizes=\"auto, (max-width: 1024px) 100vw, 1024px\" \/><\/figure>\n\n\n\n<hr class=\"wp-block-separator has-alpha-channel-opacity\"\/>\n\n\n\n<p><strong><u>PS\u00cdCI:<\/u><\/strong><\/p>\n\n\n\n<p><\/p>\n\n\n\n<p><strong><u>FENKY:<\/u><\/strong><\/p>\n","protected":false},"excerpt":{"rendered":"<p>8.10.2023 sa narodili 3 ps\u00edci a 1 fenka MATKA RUTA BONNYFART PERLYNA PRYKARPATTYA OTEC ZESTY ZIGGI DEVON JACK Cel\u00fd rodokme\u0148 \u0161teniatok&nbsp;TU PS\u00cdCI: FENKY:<\/p>\n","protected":false},"author":1,"featured_media":0,"parent":0,"menu_order":0,"comment_status":"closed","ping_status":"closed","template":"","meta":{"footnotes":""},"class_list":["post-632","page","type-page","status-publish","hentry"],"_links":{"self":[{"href":"https:\/\/www.emalera.eu\/index.php?rest_route=\/wp\/v2\/pages\/632","targetHints":{"allow":["GET"]}}],"collection":[{"href":"https:\/\/www.emalera.eu\/index.php?rest_route=\/wp\/v2\/pages"}],"about":[{"href":"https:\/\/www.emalera.eu\/index.php?rest_route=\/wp\/v2\/types\/page"}],"author":[{"embeddable":true,"href":"https:\/\/www.emalera.eu\/index.php?rest_route=\/wp\/v2\/users\/1"}],"replies":[{"embeddable":true,"href":"https:\/\/www.emalera.eu\/index.php?rest_route=%2Fwp%2Fv2%2Fcomments&post=632"}],"version-history":[{"count":2,"href":"https:\/\/www.emalera.eu\/index.php?rest_route=\/wp\/v2\/pages\/632\/revisions"}],"predecessor-version":[{"id":698,"href":"https:\/\/www.emalera.eu\/index.php?rest_route=\/wp\/v2\/pages\/632\/revisions\/698"}],"wp:attachment":[{"href":"https:\/\/www.emalera.eu\/index.php?rest_route=%2Fwp%2Fv2%2Fmedia&parent=632"}],"curies":[{"name":"wp","href":"https:\/\/api.w.org\/{rel}","templated":true}]}}