{"id":9,"date":"2025-05-27T08:47:53","date_gmt":"2025-05-27T08:47:53","guid":{"rendered":"https:\/\/www.emalera.eu\/?page_id=9"},"modified":"2025-12-27T10:58:03","modified_gmt":"2025-12-27T10:58:03","slug":"steniatka","status":"publish","type":"page","link":"https:\/\/www.emalera.eu\/?page_id=9","title":{"rendered":"\u0160TENIATKA"},"content":{"rendered":"\n<div class=\"wp-block-group\"><div class=\"wp-block-group__inner-container is-layout-constrained wp-block-group-is-layout-constrained\">\n<p class=\"has-text-align-center\">M\u00e1me \u0161teniatka! <\/p>\n\n\n\n<p>VRH D naroden\u00fd 17.12.2025<\/p>\n\n\n\n<p>vo\u013en\u00e9 hladkosrst\u00e9 \u0161teniatka: 2 ps\u00edci a 1 fenka<\/p>\n\n\n\n<figure class=\"wp-block-gallery has-nested-images columns-default is-cropped wp-block-gallery-1 is-layout-flex wp-block-gallery-is-layout-flex\">\n<figure class=\"wp-block-image size-large\"><img loading=\"lazy\" decoding=\"async\" width=\"1024\" height=\"557\" data-id=\"770\" src=\"https:\/\/www.emalera.eu\/wp-content\/uploads\/2025\/12\/1000017801-1-1024x557.jpg\" alt=\"\" class=\"wp-image-770\" srcset=\"https:\/\/www.emalera.eu\/wp-content\/uploads\/2025\/12\/1000017801-1-1024x557.jpg 1024w, https:\/\/www.emalera.eu\/wp-content\/uploads\/2025\/12\/1000017801-1-300x163.jpg 300w, https:\/\/www.emalera.eu\/wp-content\/uploads\/2025\/12\/1000017801-1-768x417.jpg 768w, https:\/\/www.emalera.eu\/wp-content\/uploads\/2025\/12\/1000017801-1-1536x835.jpg 1536w, https:\/\/www.emalera.eu\/wp-content\/uploads\/2025\/12\/1000017801-1-2048x1113.jpg 2048w\" sizes=\"auto, (max-width: 1024px) 100vw, 1024px\" \/><\/figure>\n<\/figure>\n\n\n\n<p><\/p>\n\n\n\n<p class=\"has-text-align-center\">V pr\u00edpade z\u00e1ujmu o na\u0161e \u0161teniatka ma kontaktujte na&nbsp;<strong><a href=\"mailto:emalerajrt@gmail.com\">emalerajrt@<u>gmail.com<\/u><\/a>&nbsp;<\/strong>alebo na&nbsp;tel:&nbsp;<strong>00421\/ (0)907 893 546,&nbsp;WhatsApp, FB Zuzana Z\u00e1vodn\u00e1 (kennel Emalera)<\/strong><\/p>\n\n\n\n<p class=\"has-text-align-center\">\u0160teniatka vyrastaj\u00fa v rodinnom prostred\u00ed s de\u0165mi. Do nov\u00fdch domovov p\u00f4jdu&nbsp; zao\u010dkovan\u00e9, viac kr\u00e1t od\u010derven\u00e9, \u010dipovan\u00e9 s medzin\u00e1rodn\u00fdm petpasom. Nez\u00e1v\u00e4zn\u00e1 n\u00e1v\u0161teva v\u00edtan\u00e1.<\/p>\n\n\n\n<hr class=\"wp-block-separator has-alpha-channel-opacity\"\/>\n\n\n<div class=\"wp-block-image\">\n<figure class=\"aligncenter size-full\"><img loading=\"lazy\" decoding=\"async\" width=\"768\" height=\"519\" src=\"https:\/\/www.emalera.eu\/wp-content\/uploads\/2025\/05\/Emka-v-levanduli.jpg\" alt=\"\" class=\"wp-image-226\" srcset=\"https:\/\/www.emalera.eu\/wp-content\/uploads\/2025\/05\/Emka-v-levanduli.jpg 768w, https:\/\/www.emalera.eu\/wp-content\/uploads\/2025\/05\/Emka-v-levanduli-300x203.jpg 300w\" sizes=\"auto, (max-width: 768px) 100vw, 768px\" \/><\/figure>\n<\/div>\n\n\n<hr class=\"wp-block-separator has-alpha-channel-opacity\"\/>\n\n\n\n<h3 class=\"wp-block-heading has-text-align-center\"><strong>Sk\u00f4r ako si k\u00fapite &#8222;Jacka&#8220;,<br>zv\u00e1\u017ete v\u0161etky ot\u00e1zky a odpovede.<br>V\u0161etky &#8222;pre&#8220; a &#8222;proti&#8220; lebo&#8230;<\/strong><br>&nbsp;<\/h3>\n\n\n\n<p class=\"has-text-align-center\">Existuje ve\u013emi ve\u013ea plemien a je naozaj z \u010doho vybera\u0165. &#8222;Jack&#8220; patr\u00ed medzi teri\u00e9re, to znamen\u00e1 \u017ee je temperamentn\u00fd, pln\u00fd energie a srandi\u010diek ako ka\u017ed\u00fd teri\u00e9r a potrebuje pevn\u00fa ruku. Potrebuje aj ve\u013ea pohybu. &#8222;Jack&#8220; potrebuje aspo\u0148 jednu dlh\u00fa prech\u00e1dzku denne, min. na 1 hodinu, kde sa vybeh\u00e1 so ps\u00edmi kamar\u00e1tmi. Aspo\u0148 raz ty\u017edenne potrebuje aktivitu, a to v akejko\u013evek forme, napr: v\u00fdcvik, agility, po\u013eova\u010dka, behanie pri bycikli, turistika at\u010f. Je v\u0161estranne vyu\u017eite\u013en\u00fd, to znamen\u00e1 \u017ee s n\u00edm m\u00f4\u017eete robi\u0165 ka\u017ed\u00fd druh v\u00fdcviku. Samozrejme pod doh\u013eadom sk\u00fasen\u00e9ho v\u00fdcvik\u00e1ra.&nbsp; Pokia\u013e m\u00e1te &#8222;Jacka&#8220; na z\u00e1hrade, bude si vy\u017eadova\u0165 va\u0161u pozornos\u0165 a potrebuje aktivitu mimo zahrady.&nbsp;<br>V podstate nez\u00e1le\u017e\u00ed na tom \u010di m\u00e1te ps\u00edka v byte alebo v kotci, mus\u00edte mu dopria\u0165 dostatok svojej pozornosti a pr\u00edtomnosti. &#8222;Jackovia&#8220; miluj\u00fa ak\u00fako\u013evek \u010dinnos\u0165, ktor\u00fa m\u00f4\u017eu robi\u0165 s Vami!&#8230;&nbsp;<\/p>\n\n\n\n<p class=\"has-text-align-center\"><strong>Ako k\u0155mit &#8222;Jacka&#8220; ?<\/strong><br>&#8211; vyberajte v\u017edy vhodn\u00e9 krmivo pre V\u00e1\u0161ho ps\u00edka, mo\u017enost\u00ed je viacej &#8211; BARF (k\u0155menie prirodzenou stravou- je to met\u00f3da v\u00fd\u017eivy m\u00e4so\u017erav\u00fdch dom\u00e1cich zvierat prirodzen\u00fdm zp\u00f4sobom-&nbsp; teda surov\u00e9 m\u00e4so, kosti a zelenina) alebo granulami, je d\u00f4le\u017eit\u00e9 vybera\u0165 granulky kvalitn\u00e9, najvhodnej\u0161ie s\u00fa so zn\u00ed\u017een\u00fdm obsahom obiln\u00edn, alebo bezobilninov\u00e9, nako\u013eko je to men\u0161ie plemeno, nespotrebuje krmiva ve\u013ea a preto aj ke\u010f je k\u0155men\u00fd kvalitn\u00fdm nutri\u010dne a energeticky vyv\u00e1\u017een\u00fdm, teda aj drah\u0161\u00edm krmivom, nie ve\u013emi za\u0165a\u017e\u00ed Va\u0161e financie. Zbytky z kuchyne nie s\u00fa vhodn\u00e9 na k\u0155menie obsahuj\u00fa ve\u013ea soli a koren\u00edn, \u010do ps\u00edkovi ve\u013emi nevyhovuje.<\/p>\n\n\n\n<p><\/p>\n\n\n<div class=\"wp-block-image\">\n<figure class=\"aligncenter size-full\"><img loading=\"lazy\" decoding=\"async\" width=\"522\" height=\"349\" src=\"https:\/\/www.emalera.eu\/wp-content\/uploads\/2025\/05\/Obrazok3-13.jpg\" alt=\"\" class=\"wp-image-228\" srcset=\"https:\/\/www.emalera.eu\/wp-content\/uploads\/2025\/05\/Obrazok3-13.jpg 522w, https:\/\/www.emalera.eu\/wp-content\/uploads\/2025\/05\/Obrazok3-13-300x201.jpg 300w\" sizes=\"auto, (max-width: 522px) 100vw, 522px\" \/><\/figure>\n<\/div>\n\n\n<p class=\"has-text-align-center\"><strong>Na \u010do pred k\u00fapou nezabudn\u00fa\u0165?<\/strong><br>&#8211; cel\u00fd jeho \u017eivot (cca 12 &#8211; 15- rokov) sa budete musie\u0165 stara\u0165 o jeho zdravie. Pravidelne o\u010dkova\u0165, od\u010dervova\u0165, pr\u00edpadne odbl\u0161ova\u0165, alebo sa budete tr\u00e1pi\u0165 s klie\u0161\u0165ami.<\/p>\n\n\n\n<p class=\"has-text-align-center\"><strong>A e\u0161te je pred Vami jedna ve\u013ek\u00e1 ot\u00e1zka:<br>Ps\u00edka alebo su\u010dku? Je to v\u00e1\u017ena ot\u00e1zka, lebo&#8230;<\/strong><br>Su\u010dka je jemnej\u0161ej povahy a preto je ve\u013emi vhodn\u00e1 k de\u0165om. Je ovl\u00e1date\u013enej\u0161ia a poriadnej\u0161ia ako ps\u00edk. Pri su\u010dke mus\u00edm spomen\u00fa\u0165 aj h\u00e1ranie, ktor\u00e9 sa opakuje pribli\u017ene ka\u017ed\u00fdch 6 mesiacov.&nbsp;Ps\u00edk je temperamentnej\u0161\u00ed, dominantnej\u0161\u00ed, mohutnej\u0161\u00ed ako su\u010dka. Potrebuje pr\u00edsnu ruku a r\u00e1d si odbehne za h\u00e1rajucimi su\u010dkami. Pova\u017euje sa za vodcu svorky , ktor\u00fd si bude Va\u0161u rodinu str\u00e1\u017ei\u0165 a br\u00e1ni\u0165. Toto p\u00ed\u0161u m\u00fadre knihy, ale nie v\u017edy to mus\u00ed by\u0165 pravda, lebo povaha je z\u00e1visl\u00e1 sk\u00f4r od konkr\u00e9tneho jedinca ako od pohlavia. Do ve\u013ekej miery sa ded\u00ed, tak\u017ee sa p\u00fdtajte na povahu rodi\u010dov chovate\u013ea, ak sa chcete dozvedie\u0165, ak\u00e9 asi bude Va\u0161e \u0161teniatko.<\/p>\n\n\n\n<p class=\"has-text-align-center\">V\u0161etko je vec n\u00e1zoru a je len na V\u00e1s ten spr\u00e1vny v\u00fdber. Prajem V\u00e1m \u0161tastn\u00fa ruku pri vyberan\u00ed \u0161teniatka!<\/p>\n<\/div><\/div>\n\n\n\n<p><\/p>\n","protected":false},"excerpt":{"rendered":"<p>M\u00e1me \u0161teniatka! VRH D naroden\u00fd 17.12.2025 vo\u013en\u00e9 hladkosrst\u00e9 \u0161teniatka: 2 ps\u00edci a 1 fenka V pr\u00edpade z\u00e1ujmu o na\u0161e \u0161teniatka ma kontaktujte na&nbsp;emalerajrt@gmail.com&nbsp;alebo na&nbsp;tel:&nbsp;00421\/ (0)907 893 546,&nbsp;WhatsApp, FB Zuzana Z\u00e1vodn\u00e1 (kennel Emalera) \u0160teniatka vyrastaj\u00fa v rodinnom prostred\u00ed s de\u0165mi. Do nov\u00fdch domovov p\u00f4jdu&nbsp; zao\u010dkovan\u00e9, viac kr\u00e1t od\u010derven\u00e9, \u010dipovan\u00e9 s medzin\u00e1rodn\u00fdm petpasom. Nez\u00e1v\u00e4zn\u00e1 n\u00e1v\u0161teva v\u00edtan\u00e1. Sk\u00f4r &hellip; <a href=\"https:\/\/www.emalera.eu\/?page_id=9\" class=\"more-link\">Pokra\u010dov\u00e1n\u00ed textu <span class=\"screen-reader-text\">\u0160TENIATKA<\/span><\/a><\/p>\n","protected":false},"author":1,"featured_media":424,"parent":0,"menu_order":0,"comment_status":"closed","ping_status":"closed","template":"","meta":{"footnotes":""},"class_list":["post-9","page","type-page","status-publish","has-post-thumbnail","hentry"],"_links":{"self":[{"href":"https:\/\/www.emalera.eu\/index.php?rest_route=\/wp\/v2\/pages\/9","targetHints":{"allow":["GET"]}}],"collection":[{"href":"https:\/\/www.emalera.eu\/index.php?rest_route=\/wp\/v2\/pages"}],"about":[{"href":"https:\/\/www.emalera.eu\/index.php?rest_route=\/wp\/v2\/types\/page"}],"author":[{"embeddable":true,"href":"https:\/\/www.emalera.eu\/index.php?rest_route=\/wp\/v2\/users\/1"}],"replies":[{"embeddable":true,"href":"https:\/\/www.emalera.eu\/index.php?rest_route=%2Fwp%2Fv2%2Fcomments&post=9"}],"version-history":[{"count":22,"href":"https:\/\/www.emalera.eu\/index.php?rest_route=\/wp\/v2\/pages\/9\/revisions"}],"predecessor-version":[{"id":774,"href":"https:\/\/www.emalera.eu\/index.php?rest_route=\/wp\/v2\/pages\/9\/revisions\/774"}],"wp:featuredmedia":[{"embeddable":true,"href":"https:\/\/www.emalera.eu\/index.php?rest_route=\/wp\/v2\/media\/424"}],"wp:attachment":[{"href":"https:\/\/www.emalera.eu\/index.php?rest_route=%2Fwp%2Fv2%2Fmedia&parent=9"}],"curies":[{"name":"wp","href":"https:\/\/api.w.org\/{rel}","templated":true}]}}